**5 + 1/6*j**3 + 0*j**2 + 5*j + 0 - 1/6*j**4. What is i(1)?
8
Let j be (-1 + 0 - -1) + 2. Let k(s) be the third derivative of s**5/60 - s**4/24 + s**3/6 - s**2. Let t(u) be the first derivative of k(u). What is t(j)?
3
Let w(p) = -p**2 - 7*p - 8. Suppose u + 23 = -r - 2*r, 4*u + 50 = -5*r. Determine w(r).
-2
Let d be (-2 + 8 - 4) + -2. Let p(a) = -a**3 - a**2 + a. Calculate p(d).
0
Let p(c) = c**3 - 2*c**2 - c. Let x be 3/(-12) + 9/4. Give p(x).
-2
Let z(s) = s**2 - 6*s - 3. Let k(g) = -4*g**2 + 17*g + 9. Let n(u) = -2*k(u) - 7*z(u). What is n(-6)?
-9
Suppose -2*j = 2, 5*r + 5*j = 4*r. Let f = 7 - r. Let v(c) = 3*c + 2. Calculate v(f).
8
Let w be (0/(-1))/(-2)*1. Let v(y) = y + 8. Let n(t) = -t - 9. Let k(m) = 2*n(m) + 3*v(m). Let j(c) = 3*c + 13. Let r(a) = 2*j(a) - 5*k(a). What is r(w)?
-4
Let i(t) be the first derivative of -t**2/2 + t - 4. Let l be i(4). Let p be (-7)/l + (-6)/18. Let h(s) = s - 2. What is h(p)?
0
Let i be 25/(-125) - ((-21)/5 - -1). Let m(b) = -b. What is m(i)?
-3
Let p(o) = -o - 5. Let y be p(-4). Let d(h) be the second derivative of 5*h**3/6 + h**2/2 + 4*h. Give d(y).
-4
Let d(p) = 4*p - 3. Suppose -o = -5 + 3. Suppose -3*b = -q - o*b - 3, 0 = 2*b - 10. Determine d(q).
5
Let b(r) = 0*r**3 + 10 - 11*r**2 - 9*r - r**3 + 3*r**3. Let o(n) = n**3 - 6*n**2 - 5*n + 5. Let i(z) = 3*b(z) - 5*o(z). Calculate i(4).
13
Let i = -19 + 28. Let b = i - 13. Let s(p) = p**2 + 3*p - 2. Give s(b).
2
Suppose -2*h - 3*h = 2*a - 4, -4*a + 3*h + 8 = 0. Let l(m) = -m**2 - m + 1. Give l(a).
-5
Suppose 0 = -213*m + 209*m + 20. Let d(j) = -j**2 + 5*j + 5. Give d(m).
5
Let f be (1 - 1)*(-5)/10. Let b(s) be the third derivative of -2/3*s**3 - s**2 + 0 + 1/24*s**4 + f*s. Calculate b(4).
0
Let j be -3 - -1 - (-20)/(-2). Let v be 1/3 - (-4)/j. Suppose v = x + 1 + 1. Let p(g) = 2*g + 3. Give p(x).
-1
Let f(m) = m**3 + 6*m**2 - 4. Let h(r) = r**2 - 22*r + 15. Let i be h(21). Determine f(i).
-4
Let d(f) = 0*f - f**3 - 2*f - 3 + 2*f**3 + 4*f**2 - 2. Give d(-4).
3
Suppose 0 = x - 3*u + 2 + 5, -3*x = 3*u - 27. Suppose 3*t = x*l - 21, -3*l = -8*l - 4*t + 7. Let j(d) = -2*d**2 + 5*d - 3. Determine j(l).
-6
Let w = -1 - -3. Let i = -4 + 4. Suppose i = -3*p - 9, w*p - 5*p = -5*g + 9. Let v(b) = -b**2 + 4. What is v(g)?
4
Let k(p) = p + 3. Let v be k(-3). Let a = 0 - v. Let u(o) be the second derivative of o**3/6 + 5*o**2 - 2*o. Give u(a).
10
Let q(o) = -2*o + 6 - 5 + o. What is q(-4)?
5
Let n = -96 - -93. Let x(u) = u**3 + 4*u**2 + u. Give x(n).
6
Let n(v) = -6*v**2 - v + 5. Let i(k) = k**2 + 1. Let c(a) = -5*i(a) - n(a). What is c(0)?
-10
Let o(b) = -b**3 - 6*b**2 - 4*b - 4. Suppose 0 = -2*l - 2*g - 8, -2*l + 6*l = 3*g - 30. Calculate o(l).
20
Let n be ((-1)/7*-7)/((-2)/(-6)). Let t(u) = -2*u + 4. Calculate t(n).
-2
Suppose 0 = 4*g - 1 - 11. Let d(u) be the second derivative of 1/2*u**2 + 0*u**3 + 0 + 1/20*u**5 + u - 1/3*u**4. What is d(g)?
-8
Let g = 7 + -1. Let v(m) = m**2 - 7*m + 7. Determine v(g).
1
Suppose 0 = 2*w - 4 - 2. Let c be 0 + (-6 - -3) - -6. Let b(k) = 1 + 3*k**3 + 4*k**2 - c*k**3 - k**3 - 2. Give b(w).
8
Let h(n) be the second derivative of n**5/20 + 2*n**4/3 + n**3/6 + n**2 + 3*n. Calculate h(-8).
-6
Let x(g) = -g**2 - g + 2. Let d = -20 + 14. Let z be (-3 + (-26)/d)*-3. Let h(f) = f**3 + 5*f**2 + 4*f - 2. Let b be h(z). Determine x(b).
0
Suppose 2*m + d + 1 = 6, -5*m - 4*d = -14. Let b(l) = -l - 2. What is b(m)?
-4
Suppose 6*c = 3*c + 6. Let o(n) = 4 - 9*n**c + 2 - 5. What is o(-1)?
-8
Let r(v) be the third derivative of v**5/60 - v**4/8 - v**3/2 + 2*v**2. Let k = 1 + 3. Give r(k).
1
Let s(b) be the third derivative of b**6/120 + b**5/10 + b**4/4 + b**3 - 2*b**2. Suppose -11*f + 14*f - 3 = 0. Let k(a) = -5*a**2. Let d be k(f). What is s(d)?
1
Let c(x) be the first derivative of -1 - 5*x - 1/2*x**2. Let f = 25 - 29. What is c(f)?
-1
Suppose -3*x + 20 = -x. Let v = x + -4. Let b(t) = -t**3 + 6*t**2 - t + 2. Calculate b(v).
-4
Let u = -17 - -21. Let c(g) = -5*g**2 - 6*g + 6. Let w(b) = -4*b**2 - 5*b + 5. Let r(i) = u*w(i) - 3*c(i). What is r(-3)?
-1
Let c(y) = 3*y**3 - 11*y**2 + 6*y. Let h(z) = -4*z**3 + 12*z**2 - 6*z + 1. Let x(f) = -3*c(f) - 2*h(f). Determine x(8).
14
Let p(h) = h**2 - 5*h. Let s be p(6). Suppose -2*l + 2*x = -4*l - s, -17 = 3*l - 5*x. Let t(f) = f**2 - 3*f + 0*f**2 - 2*f**2 + 3. Determine t(l).
-1
Let x(j) = 5*j + 3. Suppose -3*k + 22 = -8. Let i = k + -2. Suppose i = -v - 3*v. Calculate x(v).
-7
Let g(v) = -v. Let b(d) = 3 - d - d**2 + d + 5*d + 0*d. Let m be b(5). Suppose 3*l + l + 8 = 2*j, 12 = m*j - 3*l. Determine g(j).
-4
Let i(y) be the third derivative of y**5/60 + y**4/12 - y**3/2 - 3*y**2. Suppose -d - 32 = 7*d. Calculate i(d).
5
Let m(r) be the third derivative of -r**5/60 + r**4/24 + 5*r**3/6 - r**2. What is m(4)?
-7
Let a(h) = 0*h + 2*h + 9 - 1. Give a(-6).
-4
Let z(h) = 3 + 7 - 9 + h. Suppose 28 = -5*i + 3*q, 3*q + 12 = -6*i + 3*i. Give z(i).
-4
Suppose 0 = 5*h - 23 - 7. Suppose 2*s = -0*s + h. Let z(t) = -t - 2. Let c(v) = v + 1. Let p(w) = -2*c(w) - z(w). Give p(s).
-3
Let u = -46 + 44. Let l(w) = w**3 - w - 5. Let z(b) = b**3 - b - 6. Let n(d) = 5*l(d) - 4*z(d). Give n(u).
-7
Let x(b) = -5 - b + 5 + 3. Suppose 2*y = 4*y + 6. Let n be (-9)/(-2)*(-2)/y. Determine x(n).
0
Let b = -14 - -21. Let o(l) = -2 + l + 3 + 1 - b. Determine o(6).
1
Let r = -1 + 4. Let h(k) = -k**2 - 1 - k**3 + r*k + 1 - 1 - 1. What is h(2)?
-8
Suppose 4*j - 4 = 4*v + 2*j, j = 0. Let u(x) be the first derivative of 4*x**3/3 - x - 1. What is u(v)?
3
Let v(x) be the second derivative of x**5/20 + 5*x**4/12 + 2*x**3/3 + x**2/2 - 3*x. Determine v(-4).
1
Let h(r) = -4*r**3 - 2*r**2 - r + 4. Let y(m) = -3*m**3 - 3*m**2 - 2*m + 4. Let x(v) = -2*h(v) + 3*y(v). Give x(-4).
4
Let m(o) = -o - 11. Let h be m(-5). Let p(f) = -f - 1. Give p(h).
5
Let l(h) = -5*h**3 - 11*h**2 + h - 1. Let c(t) = t**3 + t**2. Let r be (-6)/3 + (-1 - -2). Let b(w) = r*l(w) - 6*c(w). Determine b(5).
-4
Suppose -b - 5*r + 14 + 6 = 0, 5*b = -2*r - 15. Let v(m) = -5*m**2 + 5*m - 6. Let f(y) = -6*y**2 + 5*y - 7. Let j(d) = b*v(d) + 4*f(d). Determine j(4).
-2
Suppose -h + f + 1 = 0, -5*h + 2*h + f + 3 = 0. Let u(l) = -7*l**2 - l + 1. What is u(h)?
-7
Let q(y) = -y - 4. Suppose o - 12 = -3*o. Suppose o*l - 6*l - 9 = 0. Calculate q(l).
-1
Let w(m) be the first derivative of -m**4/4 - 4*m**3/3 - m**2 - 2*m - 2. Let y = -10 + 8. Let x = y - 1. Calculate w(x).
-5
Let r = 5 + -1. Let t(u) = u + u - r - 3*u. Suppose -j + 40 = -5*n - 6*j, 0 = -5*n - 3*j - 34. Calculate t(n).
1
Let g(b) = -b**3 + 10*b**2 - 8*b - 6. Let f be g(9). Let x(n) = n + 1 - 2 - n**f + 4*n**3. Determine x(1).
3
Let g(s) = -s**3 + 7*s**2 + 2*s - 3. Let f(r) = -r**3 + r**2. Let b(t) = 2*f(t) - g(t). What is b(-4)?
-5
Let r(d) = -d + 11. Suppose 5*g - 3*f - 8 = 42, -2*g = 3*f + 1. Give r(g).
4
Let r(x) = -x + 2. Let c(o) = o + 9. Suppose 8*f - 3*f + 35 = 0. Let z be c(f). Suppose -2*g - d = 4, 16 = -2*g + 4*d - z*d. What is r(g)?
6
Let d(b) be the second derivative of b**4/12 - b**3 - 3*b**2/2 + 7*b + 1. Suppose 7 = o - 0. Calculate d(o).
4
Let w be (-2)/8 + 38/(-8) + 6. Let g(n) = 10*n**2 - n + 1. Give g(w).
10
Let w(k) be the third derivative of 11*k**4/24 + 7*k**3/3 - 4*k**2. Let t(b) = 4*b + 5. Let u(z) = 8*t(z) - 3*w(z). Calculate u(5).
-7
Let t(g) = -g**3 + 4*g**2 + 4. Let o be t(4). Suppose o*x = 3*x + 1. Let z(q) = -8*q + 5. Let k(r) = -r + 1. Let f(d) = 15*k(d) - 3*z(d). Give f(x).
9
Let l(d) = 14*d**2 + 14*d + 4. Let y(h) = -5*h**2 - 5*h - 2. Let k(x) = 4*l(x) + 11*y(x). Determine k(-5).
14
Let v(m) = -4*m**2 - 2*m - 1. Let g be v(-1). Let a be 2/(12/g + 2). Let y = -6 - a. Let t(d) = -d**3 - 6*d**2 - 6*d - 6. Give t(y).
-1
Let s(f) = -f - 7. Let u = -15 - -45. Suppose 0 = -5*n - 5*i - u, -9 = 2*n - 5*i + 3. Let v(w) = -w - 7. Let o(l) = n*s(l) + 5*v(l). Calculate o(-6).
1
Let q(k) be the first derivative of 7*k + 2. Let d(x) = -x + 1. Suppose -1 = 3*a - 4*a. Let l(p) = a*q(p) - 3*d(p). Calculate l(-3).
-5
Let r(l) = 6*l**2 - 40*l - 46. Let o(n) = n**2 - 8*n - 9. Suppose 0 = -3*p + 5*y - 16 + 3, -2*p - 4*y - 38 = 0. Let b(a) = p*o(a) + 2*r(a). What is b(-6)?
-5
Let t(i) = -i**2 - i. Let a = 21 - 24. Give t(a).
-6
Suppose 2*t - 8 = 6*t. Let q(n) = n**3 - 3*n**2 - 2*n + 2. Calculate q(t).
-14
Let k(b) = -b